{"id":3535,"date":"2020-06-23T18:14:07","date_gmt":"2020-06-23T23:14:07","guid":{"rendered":"http:\/\/bellasartes.edu.co\/festivalruquitavelasco\/inicio\/?page_id=3535"},"modified":"2020-06-23T18:18:40","modified_gmt":"2020-06-23T23:18:40","slug":"santiago-de-cali","status":"publish","type":"page","link":"https:\/\/bellasartes.edu.co\/festivalruquitavelasco\/santiago-de-cali\/","title":{"rendered":"Santiago de Cali"},"content":{"rendered":"\t\t<div data-elementor-type=\"wp-page\" data-elementor-id=\"3535\" class=\"elementor elementor-3535\">\n\t\t\t\t\t\t<div class=\"elementor-inner\">\n\t\t\t\t<div class=\"elementor-section-wrap\">\n\t\t\t\t\t\t\t\t\t<section class=\"elementor-section elementor-top-section elementor-element elementor-element-294233d elementor-section-boxed elementor-section-height-default elementor-section-height-default\" data-id=\"294233d\" data-element_type=\"section\">\n\t\t\t\t\t\t<div class=\"elementor-container elementor-column-gap-default\">\n\t\t\t\t\t\t\t<div class=\"elementor-row\">\n\t\t\t\t\t<div class=\"elementor-column elementor-col-100 elementor-top-column elementor-element elementor-element-b1d2515\" data-id=\"b1d2515\" data-element_type=\"column\">\n\t\t\t<div class=\"elementor-column-wrap elementor-element-populated\">\n\t\t\t\t\t\t\t<div class=\"elementor-widget-wrap\">\n\t\t\t\t\t\t<div class=\"elementor-element elementor-element-e0f114f elementor-widget elementor-widget-text-editor\" data-id=\"e0f114f\" data-element_type=\"widget\" data-widget_type=\"text-editor.default\">\n\t\t\t\t<div class=\"elementor-widget-container\">\n\t\t\t\t\t\t\t\t<div class=\"elementor-text-editor elementor-clearfix\">\n\t\t\t\t<table class=\"table th\"><tbody><tr><td>Altitud:<\/td><td>995 m.s.n.m.<\/td><\/tr><tr><td>Temperatura:<\/td><td>23 Grados Centigrados.<\/td><\/tr><tr><td>Poblaci\u00f3n:<\/td><td>2&#8217;264.256 Hab. Aprox.<\/td><\/tr><tr><td>Caracteristicas Geogr\u00e1ficas:<\/td><td>Presenta terrenos Monta\u00f1osos, Ondulados y Planos.<\/td><\/tr><tr><td>Rio(s) Principal(es):<\/td><td>Es la Ciudad de los 7 R\u00edos: Cali, Ca\u00f1averalejo, Aguacatal, Lil\u00ed, Mel\u00e9ndez, Pance y Cauca.<\/td><\/tr><tr><td>Actividad Econ\u00f3mica Principal:<\/td><td>Agricultura, Ganader\u00eda, Comercio, Industria y Transporte.<\/td><\/tr><tr><td>Producto(s) Principal(es):<\/td><td>Ca\u00f1a de Az\u00facar, Papel, Pl\u00e1sticos, Textiles, Carb\u00f3n, Maquinaria Agricola e Industrial y Medicinas.<\/td><\/tr><tr><td>Atractivo(s) Tur\u00edstico(s):<\/td><td>Museo Arqueol\u00f3gico La Merced, Hacienda Ca\u00f1as Gordas, Museo del Oro, Museo La Tertulia, La Ermita, Estatua de Belalcazar, Centros Comerciales, Zoologico Municipal.<\/td><\/tr><tr><td>Ferias y Fiestas:<\/td><td>Feria de Cali.(Diciembre 25- 30). Petronio \u00c1lvarez (Agosto).<\/td><\/tr><tr><td>Especialidad Culinaria<\/td><td>Sancocho de Gallina, Pandebono, Lulada, Masato, Dulces y Macetas.<\/td><\/tr><tr><td>Infraestructura B\u00e1sica<\/td><td>Dispone de todo lo de una gran metr\u00f3poli.<\/td><\/tr><tr><td>Otras Caracter\u00edsticas:<\/td><td>Es la tercera ciudad de Colombia.<\/td><\/tr><\/tbody><\/table>\t\t\t\t\t<\/div>\n\t\t\t\t\t\t<\/div>\n\t\t\t\t<\/div>\n\t\t\t\t\t\t<\/div>\n\t\t\t\t\t<\/div>\n\t\t<\/div>\n\t\t\t\t\t\t\t\t<\/div>\n\t\t\t\t\t<\/div>\n\t\t<\/section>\n\t\t\t\t<section class=\"elementor-section elementor-top-section elementor-element elementor-element-faf2515 elementor-section-boxed elementor-section-height-default elementor-section-height-default\" data-id=\"faf2515\" data-element_type=\"section\">\n\t\t\t\t\t\t<div class=\"elementor-container elementor-column-gap-default\">\n\t\t\t\t\t\t\t<div class=\"elementor-row\">\n\t\t\t\t\t<div class=\"elementor-column elementor-col-100 elementor-top-column elementor-element elementor-element-696d22e\" data-id=\"696d22e\" data-element_type=\"column\">\n\t\t\t<div class=\"elementor-column-wrap elementor-element-populated\">\n\t\t\t\t\t\t\t<div class=\"elementor-widget-wrap\">\n\t\t\t\t\t\t<div class=\"elementor-element elementor-element-0b10513 elementor-widget elementor-widget-heading\" data-id=\"0b10513\" data-element_type=\"widget\" data-widget_type=\"heading.default\">\n\t\t\t\t<div class=\"elementor-widget-container\">\n\t\t\t<h3 class=\"elementor-heading-title elementor-size-default\">Historia de Santiago de Cali<\/h3>\t\t<\/div>\n\t\t\t\t<\/div>\n\t\t\t\t\t\t<\/div>\n\t\t\t\t\t<\/div>\n\t\t<\/div>\n\t\t\t\t\t\t\t\t<\/div>\n\t\t\t\t\t<\/div>\n\t\t<\/section>\n\t\t\t\t<section class=\"elementor-section elementor-top-section elementor-element elementor-element-e5d2730 elementor-section-boxed elementor-section-height-default elementor-section-height-default\" data-id=\"e5d2730\" data-element_type=\"section\">\n\t\t\t\t\t\t<div class=\"elementor-container elementor-column-gap-default\">\n\t\t\t\t\t\t\t<div class=\"elementor-row\">\n\t\t\t\t\t<div class=\"elementor-column elementor-col-100 elementor-top-column elementor-element elementor-element-f644183\" data-id=\"f644183\" data-element_type=\"column\">\n\t\t\t<div class=\"elementor-column-wrap elementor-element-populated\">\n\t\t\t\t\t\t\t<div class=\"elementor-widget-wrap\">\n\t\t\t\t\t\t<div class=\"elementor-element elementor-element-b3592f4 elementor-widget elementor-widget-text-editor\" data-id=\"b3592f4\" data-element_type=\"widget\" data-widget_type=\"text-editor.default\">\n\t\t\t\t<div class=\"elementor-widget-container\">\n\t\t\t\t\t\t\t\t<div class=\"elementor-text-editor elementor-clearfix\">\n\t\t\t\t<p>Cali fue fundada el 25 de julio de 1536 por don Sebasti\u00e1n de Belalc\u00e1zar. Desde entonces, la peque\u00f1a aldea creci\u00f3 hasta convertirse en una gran metr\u00f3poli, siempre al lado de su R\u00edo tutelar, el R\u00edo Cali, que desciende desde los farallones y que imprime a toda la vida de la ciudad una muy particular caracter\u00edstica, cargada de color y alegr\u00eda. Usted tambi\u00e9n podr\u00e1 comprobar como la brisa de Cali es la excusa perfecta para que todos los cale\u00f1os salgan de paseo, de compras o a sentarse en numerosos estaderos y bares al aire libre para la tertulia de la tarde y los animados encuentros. Es entonces cuando la vida de la ciudad fluye, amena y tranquila, que usted podr\u00e1 apreciarla, en los parques y viejos rincones, en barrios tradicionales, como El Pe\u00f1\u00f3n, El Centenario, San Fernando, o los alrededores de La Tertulia.<\/p>\t\t\t\t\t<\/div>\n\t\t\t\t\t\t<\/div>\n\t\t\t\t<\/div>\n\t\t\t\t\t\t<\/div>\n\t\t\t\t\t<\/div>\n\t\t<\/div>\n\t\t\t\t\t\t\t\t<\/div>\n\t\t\t\t\t<\/div>\n\t\t<\/section>\n\t\t\t\t<section class=\"elementor-section elementor-top-section elementor-element elementor-element-6e88c45 elementor-section-boxed elementor-section-height-default elementor-section-height-default\" data-id=\"6e88c45\" data-element_type=\"section\">\n\t\t\t\t\t\t<div class=\"elementor-container elementor-column-gap-default\">\n\t\t\t\t\t\t\t<div class=\"elementor-row\">\n\t\t\t\t\t<div class=\"elementor-column elementor-col-100 elementor-top-column elementor-element elementor-element-d6b2381\" data-id=\"d6b2381\" data-element_type=\"column\">\n\t\t\t<div class=\"elementor-column-wrap elementor-element-populated\">\n\t\t\t\t\t\t\t<div class=\"elementor-widget-wrap\">\n\t\t\t\t\t\t<div class=\"elementor-element elementor-element-14a9515 elementor-widget elementor-widget-image\" data-id=\"14a9515\" data-element_type=\"widget\" data-widget_type=\"image.default\">\n\t\t\t\t<div class=\"elementor-widget-container\">\n\t\t\t\t\t\t\t\t<div class=\"elementor-image\">\n\t\t\t\t\t\t\t\t\t\t\t\t<img width=\"1000\" height=\"280\" src=\"https:\/\/bellasartes.edu.co\/festivalruquitavelasco\/wp-content\/uploads\/2020\/06\/calinocturna2.jpg\" class=\"attachment-large size-large\" alt=\"\" loading=\"lazy\" srcset=\"https:\/\/bellasartes.edu.co\/festivalruquitavelasco\/wp-content\/uploads\/2020\/06\/calinocturna2.jpg 1000w, https:\/\/bellasartes.edu.co\/festivalruquitavelasco\/wp-content\/uploads\/2020\/06\/calinocturna2-300x84.jpg 300w, https:\/\/bellasartes.edu.co\/festivalruquitavelasco\/wp-content\/uploads\/2020\/06\/calinocturna2-768x215.jpg 768w, https:\/\/bellasartes.edu.co\/festivalruquitavelasco\/wp-content\/uploads\/2020\/06\/calinocturna2-24x7.jpg 24w, https:\/\/bellasartes.edu.co\/festivalruquitavelasco\/wp-content\/uploads\/2020\/06\/calinocturna2-36x10.jpg 36w, https:\/\/bellasartes.edu.co\/festivalruquitavelasco\/wp-content\/uploads\/2020\/06\/calinocturna2-48x13.jpg 48w\" sizes=\"(max-width: 1000px) 100vw, 1000px\" \/>\t\t\t\t\t\t\t\t\t\t\t\t\t\t<\/div>\n\t\t\t\t\t\t<\/div>\n\t\t\t\t<\/div>\n\t\t\t\t\t\t<\/div>\n\t\t\t\t\t<\/div>\n\t\t<\/div>\n\t\t\t\t\t\t\t\t<\/div>\n\t\t\t\t\t<\/div>\n\t\t<\/section>\n\t\t\t\t<section class=\"elementor-section elementor-top-section elementor-element elementor-element-a751256 elementor-section-boxed elementor-section-height-default elementor-section-height-default\" data-id=\"a751256\" data-element_type=\"section\">\n\t\t\t\t\t\t<div class=\"elementor-container elementor-column-gap-default\">\n\t\t\t\t\t\t\t<div class=\"elementor-row\">\n\t\t\t\t\t<div class=\"elementor-column elementor-col-100 elementor-top-column elementor-element elementor-element-5ac2269\" data-id=\"5ac2269\" data-element_type=\"column\">\n\t\t\t<div class=\"elementor-column-wrap elementor-element-populated\">\n\t\t\t\t\t\t\t<div class=\"elementor-widget-wrap\">\n\t\t\t\t\t\t<div class=\"elementor-element elementor-element-249351b elementor-widget elementor-widget-text-editor\" data-id=\"249351b\" data-element_type=\"widget\" data-widget_type=\"text-editor.default\">\n\t\t\t\t<div class=\"elementor-widget-container\">\n\t\t\t\t\t\t\t\t<div class=\"elementor-text-editor elementor-clearfix\">\n\t\t\t\t<p>Cali es ciudad alegre por excelencia, celebra todos los a\u00f1os su tradicional Feria del 25 al 31 de Diciembre, con sus famosas corridas de toros, verbenas populares, cabalgata y reinado. Entre sus m\u00e1s famosos lugares de diversi\u00f3n est\u00e1 Juanchito, a orillas del R\u00edo Cauca, epicentro de la salsa. Cali cuenta con grandes centros comerciales y otros lugares que ofrecen hermosos jardines, fuentes de agua, \u00e1rboles y diversos almacenes, brindando un ambiente ex\u00f3tico y tropical muy agradable en donde usted y su familia podr\u00e1n disfrutar alegremente.<\/p>\t\t\t\t\t<\/div>\n\t\t\t\t\t\t<\/div>\n\t\t\t\t<\/div>\n\t\t\t\t\t\t<\/div>\n\t\t\t\t\t<\/div>\n\t\t<\/div>\n\t\t\t\t\t\t\t\t<\/div>\n\t\t\t\t\t<\/div>\n\t\t<\/section>\n\t\t\t\t<section class=\"elementor-section elementor-top-section elementor-element elementor-element-2b1faea elementor-section-boxed elementor-section-height-default elementor-section-height-default\" data-id=\"2b1faea\" data-element_type=\"section\">\n\t\t\t\t\t\t<div class=\"elementor-container elementor-column-gap-default\">\n\t\t\t\t\t\t\t<div class=\"elementor-row\">\n\t\t\t\t\t<div class=\"elementor-column elementor-col-100 elementor-top-column elementor-element elementor-element-10c8b23\" data-id=\"10c8b23\" data-element_type=\"column\">\n\t\t\t<div class=\"elementor-column-wrap elementor-element-populated\">\n\t\t\t\t\t\t\t<div class=\"elementor-widget-wrap\">\n\t\t\t\t\t\t<div class=\"elementor-element elementor-element-f3e6e59 elementor-widget elementor-widget-image\" data-id=\"f3e6e59\" data-element_type=\"widget\" data-widget_type=\"image.default\">\n\t\t\t\t<div class=\"elementor-widget-container\">\n\t\t\t\t\t\t\t\t<div class=\"elementor-image\">\n\t\t\t\t\t\t\t\t\t\t\t\t<img width=\"800\" height=\"600\" src=\"https:\/\/bellasartes.edu.co\/festivalruquitavelasco\/wp-content\/uploads\/2020\/06\/alumbrado2.jpg\" class=\"attachment-large size-large\" alt=\"\" loading=\"lazy\" srcset=\"https:\/\/bellasartes.edu.co\/festivalruquitavelasco\/wp-content\/uploads\/2020\/06\/alumbrado2.jpg 800w, https:\/\/bellasartes.edu.co\/festivalruquitavelasco\/wp-content\/uploads\/2020\/06\/alumbrado2-300x225.jpg 300w, https:\/\/bellasartes.edu.co\/festivalruquitavelasco\/wp-content\/uploads\/2020\/06\/alumbrado2-768x576.jpg 768w, https:\/\/bellasartes.edu.co\/festivalruquitavelasco\/wp-content\/uploads\/2020\/06\/alumbrado2-24x18.jpg 24w, https:\/\/bellasartes.edu.co\/festivalruquitavelasco\/wp-content\/uploads\/2020\/06\/alumbrado2-36x27.jpg 36w, https:\/\/bellasartes.edu.co\/festivalruquitavelasco\/wp-content\/uploads\/2020\/06\/alumbrado2-48x36.jpg 48w\" sizes=\"(max-width: 800px) 100vw, 800px\" \/>\t\t\t\t\t\t\t\t\t\t\t\t\t\t<\/div>\n\t\t\t\t\t\t<\/div>\n\t\t\t\t<\/div>\n\t\t\t\t\t\t<\/div>\n\t\t\t\t\t<\/div>\n\t\t<\/div>\n\t\t\t\t\t\t\t\t<\/div>\n\t\t\t\t\t<\/div>\n\t\t<\/section>\n\t\t\t\t<section class=\"elementor-section elementor-top-section elementor-element elementor-element-f01c63e elementor-section-boxed elementor-section-height-default elementor-section-height-default\" data-id=\"f01c63e\" data-element_type=\"section\">\n\t\t\t\t\t\t<div class=\"elementor-container elementor-column-gap-default\">\n\t\t\t\t\t\t\t<div class=\"elementor-row\">\n\t\t\t\t\t<div class=\"elementor-column elementor-col-100 elementor-top-column elementor-element elementor-element-b54575f\" data-id=\"b54575f\" data-element_type=\"column\">\n\t\t\t<div class=\"elementor-column-wrap elementor-element-populated\">\n\t\t\t\t\t\t\t<div class=\"elementor-widget-wrap\">\n\t\t\t\t\t\t<div class=\"elementor-element elementor-element-1ccf8ab elementor-widget elementor-widget-text-editor\" data-id=\"1ccf8ab\" data-element_type=\"widget\" data-widget_type=\"text-editor.default\">\n\t\t\t\t<div class=\"elementor-widget-container\">\n\t\t\t\t\t\t\t\t<div class=\"elementor-text-editor elementor-clearfix\">\n\t\t\t\t<p>Sitios de Inter\u00e9s: En el centro hist\u00f3rico de la ciudad se encuentran: La Plaza de Caycedo, punto neur\u00e1lgico de la ciudad; sus caracter\u00edsticas y altas palmeras le dan a esta plaza un especial aspecto. El Palacio Nacional, de estilo neocl\u00e1sico franc\u00e9s, donde se ubica el archivo hist\u00f3rico de la ciudad. Al frente, se encuentra el Palacio de la Gobernaci\u00f3n un moderno edificio que contrasta con la arquitectura colonial. El Teatro Municipal, escenario de los m\u00e1s destacados eventos de m\u00fasica, danza y teatro, pertenece este edificio al clasicismo criollo y tiene una capacidad para 1200 personas. Centro Cultural de Cali, cuenta con dos salas de exposiciones con auditorio para 700 personas y una plazoleta c\u00edvica. La Iglesia La Ermita, s\u00edmbolo de la ciudad de Cali, fue construida en 1939 en estilo g\u00f3tico europeo. En la parte alta se encuentra la estatua de Sebasti\u00e1n de Belalc\u00e1zar, desde donde usted podr\u00e1 observar una amplia panor\u00e1mica de la ciudad.<\/p>\t\t\t\t\t<\/div>\n\t\t\t\t\t\t<\/div>\n\t\t\t\t<\/div>\n\t\t\t\t\t\t<\/div>\n\t\t\t\t\t<\/div>\n\t\t<\/div>\n\t\t\t\t\t\t\t\t<\/div>\n\t\t\t\t\t<\/div>\n\t\t<\/section>\n\t\t\t\t\t\t\t\t\t<\/div>\n\t\t\t<\/div>\n\t\t\t\t\t<\/div>\n\t\t","protected":false},"excerpt":{"rendered":"<p>Altitud: 995 m.s.n.m. Temperatura: 23 Grados Centigrados. Poblaci\u00f3n: 2&#8217;264.256 Hab. Aprox. Caracteristicas Geogr\u00e1ficas: Presenta terrenos Monta\u00f1osos, Ondulados y Planos. Rio(s) Principal(es): Es la Ciudad de los 7 R\u00edos: Cali, Ca\u00f1averalejo, Aguacatal, Lil\u00ed, Mel\u00e9ndez, Pance y Cauca. Actividad Econ\u00f3mica Principal: Agricultura, Ganader\u00eda, Comercio, Industria y Transporte. Producto(s) Principal(es): Ca\u00f1a de Az\u00facar, Papel, Pl\u00e1sticos, Textiles, Carb\u00f3n, Maquinaria Agricola e Industrial y Medicinas. Atractivo(s) Tur\u00edstico(s): Museo Arqueol\u00f3gico La Merced, Hacienda Ca\u00f1as Gordas, Museo del Oro, Museo La Tertulia, La Ermita, Estatua de Belalcazar, &#8230; <\/p>\n<p class=\"read-more-container\"><a title=\"Santiago de Cali\" class=\"read-more button\" href=\"https:\/\/bellasartes.edu.co\/festivalruquitavelasco\/santiago-de-cali\/#more-3535\" aria-label=\"M\u00e1s en Santiago de Cali\">Read More<\/a><\/p>\n","protected":false},"author":1,"featured_media":0,"parent":0,"menu_order":0,"comment_status":"closed","ping_status":"closed","template":"","meta":[],"_links":{"self":[{"href":"https:\/\/bellasartes.edu.co\/festivalruquitavelasco\/wp-json\/wp\/v2\/pages\/3535"}],"collection":[{"href":"https:\/\/bellasartes.edu.co\/festivalruquitavelasco\/wp-json\/wp\/v2\/pages"}],"about":[{"href":"https:\/\/bellasartes.edu.co\/festivalruquitavelasco\/wp-json\/wp\/v2\/types\/page"}],"author":[{"embeddable":true,"href":"https:\/\/bellasartes.edu.co\/festivalruquitavelasco\/wp-json\/wp\/v2\/users\/1"}],"replies":[{"embeddable":true,"href":"https:\/\/bellasartes.edu.co\/festivalruquitavelasco\/wp-json\/wp\/v2\/comments?post=3535"}],"version-history":[{"count":2,"href":"https:\/\/bellasartes.edu.co\/festivalruquitavelasco\/wp-json\/wp\/v2\/pages\/3535\/revisions"}],"predecessor-version":[{"id":3539,"href":"https:\/\/bellasartes.edu.co\/festivalruquitavelasco\/wp-json\/wp\/v2\/pages\/3535\/revisions\/3539"}],"wp:attachment":[{"href":"https:\/\/bellasartes.edu.co\/festivalruquitavelasco\/wp-json\/wp\/v2\/media?parent=3535"}],"curies":[{"name":"wp","href":"https:\/\/api.w.org\/{rel}","templated":true}]}}